{"id":5552,"date":"2022-03-31T11:09:32","date_gmt":"2022-03-31T09:09:32","guid":{"rendered":"https:\/\/www.madamegrizzly.com\/?page_id=5552"},"modified":"2022-05-03T12:48:57","modified_gmt":"2022-05-03T10:48:57","slug":"le-studio","status":"publish","type":"page","link":"https:\/\/www.madamegrizzly.com\/index.php\/le-studio\/","title":{"rendered":"Le studio graphique \u00e0 Li\u00e8ge"},"content":{"rendered":"<p>[vc_row gap=\u00a0\u00bb20&Prime; css=\u00a0\u00bb.vc_custom_1650531364520{margin-bottom: 120px !important;padding-top: 60px !important;padding-bottom: 90px !important;background-color: #edddd2 !important;}\u00a0\u00bb][vc_column column_content_align=\u00a0\u00bbjustify-content-start\u00a0\u00bb width=\u00a0\u00bb1\/3&Prime; css=\u00a0\u00bb.vc_custom_1648721002337{padding-top: 80px !important;padding-left: 20px !important;}\u00a0\u00bb responsive_align=\u00a0\u00bbtext-center\u00a0\u00bb][vc_single_image image=\u00a0\u00bb5559&Prime; img_size=\u00a0\u00bb300&#215;300&Prime; alignment=\u00a0\u00bbcenter\u00a0\u00bb][\/vc_column][vc_column width=\u00a0\u00bb2\/3&Prime; css=\u00a0\u00bb.vc_custom_1648720597885{margin-bottom: 0px !important;padding-right: 40px !important;padding-bottom: 0px !important;padding-left: 40px !important;}\u00a0\u00bb]<style>.ld_simple_heading_69d2b29593a63 h2 {margin-top:0px !important; margin-bottom:20px !important; margin-left:15px !important;  } <\/style><div  class=\"lqd-simple-heading-wrap ld_simple_heading_69d2b29593a63\">\n<h2 class=\"lqd-simple-heading\">\n\t<\/p>\n<h1>Le studio graphique<\/h1>\n<p><\/h2>\n<\/div>[vc_row_inner full_width=\u00a0\u00bb\u00a0\u00bb content_placement=\u00a0\u00bbtop\u00a0\u00bb css=\u00a0\u00bb.vc_custom_1648720655944{margin-top: 0px !important;margin-bottom: 0px !important;padding-top: 0px !important;padding-right: 0px !important;padding-bottom: 0px !important;padding-left: 0px !important;}\u00a0\u00bb][vc_column_inner width=\u00a0\u00bb1\/2&Prime; css=\u00a0\u00bb.vc_custom_1648719749543{margin-top: 0px !important;margin-right: 0px !important;margin-bottom: 40px !important;margin-left: 0px !important;padding-top: 0px !important;padding-right: 0px !important;padding-bottom: 0px !important;padding-left: 0px !important;}\u00a0\u00bb][vc_column_text]<\/p>\n<h4>Identit\u00e9 visuelle<\/h4>\n<p>Cr\u00e9ation de logo<br \/>\nR\u00e9alisation de charte graphique<br \/>\nCr\u00e9ation d\u2019outils de communication<br \/>\nR\u00e9alisation de moodboard[\/vc_column_text][\/vc_column_inner][vc_column_inner width=\u00a0\u00bb1\/2&Prime; css=\u00a0\u00bb.vc_custom_1648719847549{margin-top: 0px !important;margin-right: 0px !important;margin-bottom: 40px !important;margin-left: 0px !important;padding-top: 0px !important;padding-left: 0px !important;}\u00a0\u00bb][vc_column_text]<\/p>\n<h4>Webdesign<\/h4>\n<p>Design de site web<br \/>\nCr\u00e9ation de pictogrammes<br \/>\nCr\u00e9ation de templates pour les r\u00e9seaux sociaux<br \/>\nCr\u00e9ation de pages d&rsquo;attente ou landing pages[\/vc_column_text][\/vc_column_inner][\/vc_row_inner][vc_row_inner full_width=\u00a0\u00bb\u00a0\u00bb content_placement=\u00a0\u00bbtop\u00a0\u00bb css=\u00a0\u00bb.vc_custom_1648720655944{margin-top: 0px !important;margin-bottom: 0px !important;padding-top: 0px !important;padding-right: 0px !important;padding-bottom: 0px !important;padding-left: 0px !important;}\u00a0\u00bb][vc_column_inner width=\u00a0\u00bb1\/2&Prime; css=\u00a0\u00bb.vc_custom_1648719749543{margin-top: 0px !important;margin-right: 0px !important;margin-bottom: 40px !important;margin-left: 0px !important;padding-top: 0px !important;padding-right: 0px !important;padding-bottom: 0px !important;padding-left: 0px !important;}\u00a0\u00bb][vc_column_text]<\/p>\n<h4>Illustration<\/h4>\n<p>Cr\u00e9ation d\u2019illustration pour diff\u00e9rents supports\u00a0: packaging, livre, faire-part, support de communication, revue de presse, vitrine, pattern[\/vc_column_text][\/vc_column_inner][vc_column_inner width=\u00a0\u00bb1\/2&Prime; css=\u00a0\u00bb.vc_custom_1648719847549{margin-top: 0px !important;margin-right: 0px !important;margin-bottom: 40px !important;margin-left: 0px !important;padding-top: 0px !important;padding-left: 0px !important;}\u00a0\u00bb][vc_column_text]<\/p>\n<h4>Packaging<\/h4>\n<p>Cr\u00e9ation de packaging : box, \u00e9tiquette, sac, totebag, v\u00e9hicule&#8230;[\/vc_column_text][\/vc_column_inner][\/vc_row_inner][vc_row_inner full_width=\u00a0\u00bb\u00a0\u00bb content_placement=\u00a0\u00bbtop\u00a0\u00bb css=\u00a0\u00bb.vc_custom_1648720655944{margin-top: 0px !important;margin-bottom: 0px !important;padding-top: 0px !important;padding-right: 0px !important;padding-bottom: 0px !important;padding-left: 0px !important;}\u00a0\u00bb][vc_column_inner width=\u00a0\u00bb1\/2&Prime; css=\u00a0\u00bb.vc_custom_1648719749543{margin-top: 0px !important;margin-right: 0px !important;margin-bottom: 40px !important;margin-left: 0px !important;padding-top: 0px !important;padding-right: 0px !important;padding-bottom: 0px !important;padding-left: 0px !important;}\u00a0\u00bb][vc_column_text]<\/p>\n<h4>Faire-part de naissance<\/h4>\n<p>Cr\u00e9ation de faire-part de naissance personnalis\u00e9s graphiques ou illustr\u00e9s<br \/>\nR\u00e9alisation de remerciement de naissance<br \/>\nD\u00e9clinaison du th\u00e8me sur magnets, badges ou stickers[\/vc_column_text][\/vc_column_inner][vc_column_inner width=\u00a0\u00bb1\/2&Prime; css=\u00a0\u00bb.vc_custom_1648719847549{margin-top: 0px !important;margin-right: 0px !important;margin-bottom: 40px !important;margin-left: 0px !important;padding-top: 0px !important;padding-left: 0px !important;}\u00a0\u00bb][vc_column_text]<\/p>\n<h4>Pack identit\u00e9 + site web<\/h4>\n<p>Avec <a href=\"https:\/\/delasuitedanslesid.be\/\" target=\"_blank\" rel=\"noopener\">De la suite dans les id\u00e9es,<\/a> active dans le d\u00e9veloppement de sites, nous joignons nos comp\u00e9tences et nous vous proposons une offre combin\u00e9e pour un projet encore plus harmonieux[\/vc_column_text]<a href=\"http:\/\/www.grizzl-id.be\" title=\"grizzl-ID.be\" target=\"_blank\" class=\"btn btn-underlined border-thin btn-has-label ld_button_69d2b29593c49 vc_custom_1650531477513\" >\n\t<span>\n\t\n\t\t\t\t\t<span class=\"btn-txt\" data-text=\"grizzl-ID.be\" >grizzl-ID.be<\/span>\n\t\t\n\t\t\t\t\t<\/span>\n<\/a>\n[\/vc_column_inner][\/vc_row_inner][\/vc_column][\/vc_row][vc_row gap=\u00a0\u00bb0&Prime; css=\u00a0\u00bb.vc_custom_1650527313751{margin-bottom: 120px !important;}\u00a0\u00bb][vc_column][vc_raw_html]JTVCZmF0X2Fkdl9nYWxsZXJ5JTIwbGF5b3V0X3R5cGUlM0QlMjJtYXNvbnJ5JTIyJTIwZGlzcGxheV90eXBlJTNEJTIyZnVsbCUyMiUyMG92ZXJsYXlfc3R5bGUlM0QlMjJpY29uLXZpZXclMjIlMjBwb3B1cF90eXBlJTNEJTIybWFnbmlmaWNQb3B1cCUyMiUyMHBvcHVwX3RyYW5zaXRpb24lM0QlMjJsZy16b29tLWluJTIyJTIwaW1hZ2Vfc2l6ZSUzRCUyMjUwMHg1MDAlMjIlMjBkYXRhX3NvdXJjZSUzRCUyMiUyMiUyMGNhdGVnb3J5JTNEJTIybG9nb3MlMkN3ZWJkZXNpZ24lMkNwYWNrYWdpbmclMkNpbGx1c3RyYXRpb25zJTJDZmFpcmUtcGFydCUyMiUyMHNob3dfY2F0ZWdvcnklM0QlMjJjZW50ZXIlMjIlMjBkZWZhdWx0X2NhdGVnb3J5JTNEJTIybG9nb3MlMjIlMjBzaG93X3Jvb3RfY2F0ZWdvcnklM0QlMjIxJTIyJTIwY2F0ZWdvcnlfc3R5bGUlM0QlMjIlMjIlMjBmaWx0ZXJfdHlwZSUzRCUyMmlzb3RvcGUlMjIlMjBhbmltYXRpb25fZmlsdGVyJTNEJTIyMSUyMiUyMGNvbHVtbiUzRCUyMjMlMjIlMjBpdGVtJTNEJTIyJTIyJTIwc2hvd19wYWdnaW5nJTNEJTIyJTIyJTIwcGFkZGluZyUzRCUyMmNvbC1wYWRkaW5nLTEwJTIyJTIwYmdfY29sb3IlM0QlMjJpbmhlcml0JTIyJTIwdGl0bGVfc3R5bGUlM0QlMjIlMjIlMjBvcmRlcl9ieSUzRCUyMm5vbmUlMjIlMjBvcmRlciUzRCUyMkRFU0MlMjIlMjAlNUQ=[\/vc_raw_html][\/vc_column][\/vc_row][vc_row css=\u00a0\u00bb.vc_custom_1650570310785{margin-right: 10% !important;margin-left: 10% !important;}\u00a0\u00bb][vc_column column_content_align=\u00a0\u00bbjustify-content-center\u00a0\u00bb width=\u00a0\u00bb2\/3&Prime; responsive_align=\u00a0\u00bbtext-center\u00a0\u00bb css=\u00a0\u00bb.vc_custom_1651154929616{margin-bottom: 60px !important;padding-top: 40px !important;}\u00a0\u00bb][vc_column_text css=\u00a0\u00bb.vc_custom_1651135630488{padding-right: 30px !important;padding-left: 30px !important;}\u00a0\u00bb]<\/p>\n<h4 style=\"text-align: center;\">Vous avez un projet ?<\/h4>\n<p style=\"text-align: center;\">J\u2019ai h\u00e2te d\u2019en parler avec vous\u00a0! Prenons contact afin de d\u00e9finir vos attentes et voir comment nous pourrions collaborer ensemble pour concr\u00e9tiser vos id\u00e9es\u00a0!<\/p>\n<p>[\/vc_column_text]<style>.ld_button_69d2b29593e8f.btn-icon-solid .btn-icon{background:rgb(213, 154, 141);}.ld_button_69d2b29593e8f.btn-icon-circle.btn-icon-ripple .btn-icon:before{border-color:rgb(213, 154, 141);}.ld_button_69d2b29593e8f{color:rgb(213, 154, 141);}.ld_button_69d2b29593e8f:before{background:rgb(213, 154, 141);}<\/style><a href=\"https:\/\/www.madamegrizzly.com\/index.php\/contacter-madame-grizzly\/\" title=\"Contactez Madame Grizzly\" class=\"btn btn-underlined border-thin btn-has-label ld_button_69d2b29593e8f vc_custom_1650546471337\" >\n\t<span>\n\t\n\t\t\t\t\t<span class=\"btn-txt\" data-text=\"Contactez-moi\" >Contactez-moi<\/span>\n\t\t\n\t\t\t\t\t<\/span>\n<\/a>\n[\/vc_column][vc_column width=\u00a0\u00bb1\/3&Prime; responsive_align=\u00a0\u00bbtext-center\u00a0\u00bb][vc_single_image image=\u00a0\u00bb6220&Prime; img_size=\u00a0\u00bb200&#215;200&Prime;][\/vc_column][\/vc_row]<\/p>\n","protected":false},"excerpt":{"rendered":"<p>[vc_row gap=\u00a0\u00bb20&Prime; css=\u00a0\u00bb.vc_custom_1650531364520{margin-bottom: 120px !important;padding-top: 60px !important;padding-bottom: 90px !important;background-color: #edddd2 !important;}\u00a0\u00bb][vc_column column_content_align=\u00a0\u00bbjustify-content-start\u00a0\u00bb width=\u00a0\u00bb1\/3&Prime; css=\u00a0\u00bb.vc_custom_1648721002337{padding-top: 80px !important;padding-left: 20px !important;}\u00a0\u00bb responsive_align=\u00a0\u00bbtext-center\u00a0\u00bb][vc_single_image image=\u00a0\u00bb5559&Prime; img_size=\u00a0\u00bb300&#215;300&Prime; alignment=\u00a0\u00bbcenter\u00a0\u00bb][\/vc_column][vc_column width=\u00a0\u00bb2\/3&Prime; css=\u00a0\u00bb.vc_custom_1648720597885{margin-bottom: 0px !important;padding-right: 40px !important;padding-bottom: 0px !important;padding-left: 40px !important;}\u00a0\u00bb][vc_row_inner full_width=\u00a0\u00bb\u00a0\u00bb content_placement=\u00a0\u00bbtop\u00a0\u00bb css=\u00a0\u00bb.vc_custom_1648720655944{margin-top: 0px !important;margin-bottom: 0px !important;padding-top: 0px !important;padding-right: 0px !important;padding-bottom: 0px !important;padding-left: 0px !important;}\u00a0\u00bb][vc_column_inner width=\u00a0\u00bb1\/2&Prime; css=\u00a0\u00bb.vc_custom_1648719749543{margin-top: 0px !important;margin-right: 0px !important;margin-bottom: 40px !important;margin-left: [&hellip;]<\/p>\n","protected":false},"author":1,"featured_media":0,"parent":0,"menu_order":0,"comment_status":"closed","ping_status":"closed","template":"","meta":{"footnotes":""},"class_list":["post-5552","page","type-page","status-publish","hentry"],"_links":{"self":[{"href":"https:\/\/www.madamegrizzly.com\/index.php\/wp-json\/wp\/v2\/pages\/5552","targetHints":{"allow":["GET"]}}],"collection":[{"href":"https:\/\/www.madamegrizzly.com\/index.php\/wp-json\/wp\/v2\/pages"}],"about":[{"href":"https:\/\/www.madamegrizzly.com\/index.php\/wp-json\/wp\/v2\/types\/page"}],"author":[{"embeddable":true,"href":"https:\/\/www.madamegrizzly.com\/index.php\/wp-json\/wp\/v2\/users\/1"}],"replies":[{"embeddable":true,"href":"https:\/\/www.madamegrizzly.com\/index.php\/wp-json\/wp\/v2\/comments?post=5552"}],"version-history":[{"count":89,"href":"https:\/\/www.madamegrizzly.com\/index.php\/wp-json\/wp\/v2\/pages\/5552\/revisions"}],"predecessor-version":[{"id":6351,"href":"https:\/\/www.madamegrizzly.com\/index.php\/wp-json\/wp\/v2\/pages\/5552\/revisions\/6351"}],"wp:attachment":[{"href":"https:\/\/www.madamegrizzly.com\/index.php\/wp-json\/wp\/v2\/media?parent=5552"}],"curies":[{"name":"wp","href":"https:\/\/api.w.org\/{rel}","templated":true}]}}